is the units digit of ((-2)/10*138)/((-8)/n)?
1
Suppose -14*z - 17*z + 36*z - 7765 = 0. What is the hundreds digit of z?
5
Let w = -16 + 18. Suppose -233 + 806 = 3*h. Suppose k = -4*f + 55, -3*k + w*f = f - h. What is the tens digit of k?
6
Let n be 3 - -10 - -3 - 2. Let l(x) = -x**2 + 15*x - 11. Let a be l(n). Let s = 144 + a. What is the units digit of s?
7
Suppose -1070 = -44*n + 39*n. Suppose 34 + n = -4*j. Let z = -61 - j. What is the units digit of z?
1
Let i = -81 + 89. Suppose 4*x = -5*r - 734, -2 = -5*r + i. Let a = -123 - x. What is the units digit of a?
3
Let w be (0 + 4)*(-12)/(-16). Suppose -3*m = -4*t - 1510, 7*m - t - 2009 = w*m. What is the units digit of m?
2
Let d(b) = -b**3 - 11*b**2 - 6*b - 12. Let j be d(-11). Let a = 40 - j. Let i(g) = g**3 + 13*g**2 - 16*g - 22. What is the units digit of i(a)?
6
Suppose 0 = -5*k - 3*v + 86, 2*k - 3*v = -v + 44. Suppose -p = 2*c + 4*p + k, -3*c = -3*p - 3. What is the tens digit of 11/((-4)/8 + (-2)/c)?
2
What is the thousands digit of 6 - ((-245925)/35 + 12/(-21))?
7
Suppose -178*h = -173*h - 3165. What is the hundreds digit of h?
6
Let v be ((-2)/(-8) - (-56)/32) + 250. Suppose 111 + v = j. What is the tens digit of j?
6
What is the tens digit of (-128)/1856 - 3714384/(-87)?
9
Suppose -3*n + 5*t + 159 = 0, -4*t + 5*t = -5*n + 293. Let p = -82 + n. Let g = 132 + p. What is the units digit of g?
8
Let j(b) = -3*b + 44. Let g be j(10). Suppose m + g*m - 1245 = 0. Let i = m + -31. What is the tens digit of i?
5
Suppose 0 = 4*j - 13*j - 1188. Let u = 4 - j. What is the hundreds digit of u?
1
Suppose 3*b = -15, -2*b + 1427 + 6187 = 4*j. What is the hundreds digit of j?
9
Suppose 0 = -373*f + 59*f + 6493520. What is the thousands digit of f?
0
Let x = -170 - -179. Suppose x*l - 7*l = 114. What is the units digit of l?
7
Let n(y) = -395*y + 1013. What is the units digit of n(-15)?
8
Let b be (25/(-10))/((-3)/12 + -1). What is the hundreds digit of ((-22)/(-4))/(b/292)?
8
Suppose -39*l - 90 = -363. Suppose -l*k = 294 - 3052. What is the tens digit of k?
9
Let f(s) = s**2 + 17*s + 48. Let m be f(-12). Let q(r) = 4*r**2 + 14*r + 15. What is the units digit of q(m)?
3
Suppose -3*s + 31758 = 2*g, 79373 = -144*g + 149*g + 2*s. What is the units digit of g?
3
Suppose 43 = p - 5*v - 57, v = 0. Let t(d) = -d**3 - 25*d**2 - 56*d - 210. Let f be t(-23). What is the tens digit of 972/10 - f/p?
9
Let d = -29 - -20. What is the hundreds digit of (-12)/8*(-12)/d - -224?
2
Let p be (1 + -1)*5/(1 - -4). Suppose -11*o + 14 + 30 = p. Suppose 3*a - o*a - 5 = 0, -a = z - 93. What is the units digit of z?
8
Let b = 14 + -20. Let c(q) = 1807*q + 13. Let z be c(b). What is the hundreds digit of 1 - ((-2)/12 + z/42)?
2
Let z(u) = 534*u + 10306. What is the ten thousands digit of z(56)?
4
Let i = -21031 + 42481. What is the hundreds digit of i?
4
Let s be ((-1220)/8 + 1)*(-4)/6. Let p = 216 - s. Let l = 189 - p. What is the units digit of l?
4
Suppose 7*q - 1007 - 11026 = 0. Let v = q - 1172. What is the units digit of v?
7
Let f(b) = -546*b + 109. Let c be f(-10). Suppose -2*d + y = -5*d + c, -7400 = -4*d + 5*y. What is the hundreds digit of d?
8
Suppose -2*z - 9 = 2*z + t, 0 = 3*z - 4*t + 21. Let n = 0 - z. What is the hundreds digit of (-3 - (n + 16))*-5?
1
Let g(n) = -n**3 + 10*n - 5. Let w = -14 + 11. Let s(z) = -z**2 - z + 1. Let h be s(w). What is the tens digit of g(h)?
7
Let d = 1739 + -2437. Let r = d - -1281. What is the units digit of r?
3
Suppose -5*a - 5*o = 10, 3*o + 1 = a - 17. Let z(s) = -14*s**3 - 2*s**2 - 3*s + 6. Let f be z(a). Let k = f - -617. What is the hundreds digit of k?
2
Suppose -123 = z + 114. Let x = -112 - z. Let w = x - 12. What is the units digit of w?
3
Suppose 0 = h + 2*p + 194 - 1396, 4*p - 4804 = -4*h. Suppose -4*v + 8*v - h = 0. Suppose -v = 9*n - 12*n. What is the tens digit of n?
0
Suppose -5*n - 1 = -5*m + 2*m, 3*m + 2*n - 8 = 0. Suppose -m*w - 136 = -3*w. What is the units digit of (w/(-6))/(5/30*-2)?
8
Suppose 5*q + 0*q = -10, 0 = c + q. Suppose 5*j - 6*m - 5770 = -8*m, j = -c*m + 1146. What is the thousands digit of j?
1
Let m(g) = 119*g + 3. Let u be m(-2). Let i = 550 + u. Suppose 110 + i = 5*a. What is the tens digit of a?
8
Let k be 42 - (-1 + -3 + 3). Suppose k = s - 50. Suppose 0 = -3*l + s + 21. What is the tens digit of l?
3
Let w = 7260 - -14184. What is the tens digit of w?
4
Let r(n) = 323*n + 543. What is the ten thousands digit of r(63)?
2
Suppose -28977*c + 998855 = -28964*c. What is the ten thousands digit of c?
7
Suppose 3*o = 7*o - 280. Let h be 6/(-66) + 135/33. Let v = o + h. What is the tens digit of v?
7
Let i = 228 - 748. Let v = i + 615. What is the units digit of v?
5
Suppose -16*n = -13*n - 2073. Suppose -2*v + 1119 = -n. What is the tens digit of v?
0
Suppose 4*s + 2*r = 2, r - 1 + 10 = 3*s. Suppose s*v - 6 = 4. Suppose 1011 = v*o + 226. What is the tens digit of o?
5
Suppose -4*n + 2980 = -0*n. Let l = n + -280. What is the hundreds digit of l?
4
Let a(l) = 12*l**2 - 532*l + 20. What is the hundreds digit of a(51)?
1
What is the tens digit of 3957*3/(-9)*(-15)/3?
9
Suppose -o + 6 = -4*l - 9, -2*o - 30 = 4*l. Let k(b) = b**3 + 4*b**2 - 6*b - 5. Let f be k(l). Suppose f = 3*d - 574 - 68. What is the units digit of d?
4
Suppose -5*c + 571 = -3*c - d, -5*c + d + 1423 = 0. Let m = -152 + c. What is the tens digit of m?
3
Suppose -2*p + 5383 = 3*p + 3*c, -p - 4*c = -1080. What is the tens digit of (-10)/12*(-225)/250*p?
0
Let x be 110*(8 + (1 - 0)). Let p(o) = -219*o - 1434. Let a be p(-7). Suppose a*u = 104*u - x. What is the units digit of u?
8
Let x be ((-16)/28)/((-22)/77). Suppose 0 = x*o - z + 2*z - 853, 0 = -5*z - 15. What is the tens digit of o?
2
Suppose 0 = 4*t + 16, -5*t + 108020 = -4*q + 9*q. What is the hundreds digit of q?
6
Let y(b) = -b**3 - 3*b**2 + 5*b + 9. Let w be y(-4). Suppose 3 = -2*s - 0*s - a, w*s - 2*a = -30. What is the tens digit of s*(-2)/24 - (-442)/6?
7
Suppose -19*l = -12*l - 8827. Suppose 13*p - 2080 = l. What is the units digit of p?
7
Suppose 0 = -2*i + 3*i + 5*q - 1332, 0 = i + 2*q - 1320. Let h = -705 + i. What is the hundreds digit of h?
6
Let n(t) = 39*t**2 + 417*t + 13. What is the tens digit of n(8)?
4
Suppose l + 4 = 5*g - 11, 4*l + 5*g - 65 = 0. Let h be (2 + -1)/(-1 - l/(-8)). Suppose 0 = h*m + n - 210 - 499, 0 = -5*m + n + 893. What is the tens digit of m?
7
What is the tens digit of 113382/45 + 9 + (-20)/(-50)?
2
Suppose -n - 5*u = -4060, -9*n = -7*n + 3*u - 8078. What is the thousands digit of n?
4
Let m = -490 - -910. Suppose -4*y + m = 3*w, 10*y = w + 13*y - 145. What is the tens digit of w?
3
Let t(b) = -b**2 + 7*b + 3. Let s be t(7). Suppose -8*q + 53 + s = 0. Suppose g = -q*g + 392. What is the units digit of g?
9
Let m(w) = -w**3 - 10*w**2 + 10*w - 5. Let l be m(-11). Let o be -3 + l/3*398/(-4). What is the hundreds digit of (o*1)/(-2 + 0)?
1
Let a = 115 - 117. Let s be (12897/6 - a)/((-1)/(-2)). What is the units digit of s/52 + (-3)/4?
2
Let d = -15 - -20. Suppose 9 = q - d*z, -2*z + 8 = 2*q + 2. Suppose -g = -q*g + 189. What is the units digit of g?
3
Let v be (-3 - 7/(-3))*(-30)/20. What is the hundreds digit of v*(6 - (-825 + 2))?
8
Let n = 21807 + -11674. What is the tens digit of n?
3
Let d(u) = 1856*u**2 + 41*u - 114. What is the hundreds digit of d(3)?
7
Let w(l) = 3*l**2 - 47*l + 138. Let f(r) = r**2 + r - 3. Let g(p) = 2*f(p) - w(p). What is the units digit of g(42)?
0
Let t(p) = -p**2 - 10*p - 11. Let g be t(-8). Suppose 1831 + 834 = g*f - m, 0 = -f + 4*m + 552. What is the tens digit of f?
3
Let r = -8631 - -13344. What is the hundreds digit of r?
7
Suppose 22*o - 5340 = 19*o. Let h = -1108 + o. What is the hundreds digit of h?
6
Suppose 694*j - 735*j = -702781. What is the hundreds digit of j?
1
Let x be (-4)/(-14) - (48/(-28))/1. Suppose -5*m = -x*s - 4*m + 1409, m - 700 = -s. What is the hundreds digit of s?
7
Suppose -y - 52 - 190 = -n, y = 5*n - 1222. What is the hundreds digit of n?
2
Let u(c) = 623*c**2 + 213*c + 1033. What is the units digit of u(-5)?
3
Suppose 75*s + 1566 = 3*y + 80*s, y = 5*s + 542. What is the hundreds digit of y?
5
Let w(q) = 22*q**2 + 10*q + 24. Suppose -3*i + 2*n - 14 = -6*i, -4*i + 5*n = -34. What is the hundreds digit of w(i)?
8
Let i(t) = -6*t**2 + 53